?
22
Suppose -b - 3*d - 23 = 0, b + 21 + 18 = 5*d. Let o = -43 - -78. Let k = o + b. Let w(p) = 4*p - 9. Calculate w(k).
15
Let c(w) be the third derivative of w**7/1260 - w**6/360 - w**5/24 - w**4/6 + 17*w**3/6 - 66*w**2. Let q(y) be the second derivative of c(y). What is q(0)?
-5
Let d(j) = 2*j**3 + j**2 - j. Suppose a = 2*q - 1, a - 3*q = -4*q - 1. Let h be d(a). Let l(i) = i**2 + 0*i**2 - 2*i**2 + 0*i**2 - 2. What is l(h)?
-2
Let m(j) = 4*j**2 - 13*j. Let x be ((-4)/(8/6) - 726/(-198))*6. Calculate m(x).
12
Let f(y) = -49*y**2 + 247*y - 12. Suppose -91*j - 4*w = -87*j - 12, -4*j - 6*w = -8. Calculate f(j).
-2
Let f(s) = s**3 + 5*s**2 - 2*s - 10. Let n = -261 + 386. Suppose -19*y - n + 30 = 0. Calculate f(y).
0
Let l(h) = -16*h + 21. Let w(t) = -10*t - 1. Let u(a) = -l(a) + 2*w(a). Give u(0).
-23
Let p = 17 - 10. Let w(x) be the first derivative of 0 + 3*x + 3*x**2 - 2*x**2 + p - 2. Calculate w(-2).
-1
Let v(c) = -c**3 - 6*c**2 - 3*c + 2. Suppose -6*g - 2*r = -4*g - 60, 4*g = -2*r + 122. Suppose 5*k = 3*l + g - 6, l + 5*k = 5. Determine v(l).
-8
Suppose 18*y - 14*y = 2*m - 148, 5*y = -m + 67. Let x(t) = -m*t**3 - 73*t**3 + 4 + 144*t**3 - 2*t**2 + 2*t. Calculate x(-3).
7
Let c(r) = -r**2 + 4. Let n be (1 - -1 - 6) + (14 - -62). Let a = -57 + n. Let k be (-2)/6 + 5/a*1. Give c(k).
4
Suppose 9*x = 19 + 8. Let r(w) = -w**3 + 12*w**2 + 2. Let v be r(12). Let f(p) = p**x - 9 + 2*p + 7*p**v + 11*p - 18*p. Give f(-7).
26
Let y(i) = 2*i**3 + 10*i**2 - 8*i - 5. Suppose 3*f = 4*l - 42, -l - 3*l = 3*f - 6. Determine y(f).
-29
Let c be (-73)/(64386/84) + (-38)/42. Let s(i) = 86*i**3 - 2*i**2 - 3*i. What is s(c)?
-85
Let f(x) = -x**3 + 8*x**2 + 9*x - 6. Let m = 178 - 174. Suppose 41 = 5*j - m. Give f(j).
-6
Let k(t) = t**3 + 5*t**2 - 8*t - 8. Let f = -9 + 42. Let u be f/(-11) - (-3 - -2 - 4). Suppose 3*b + 6 = u*b. What is k(b)?
4
Let c(s) = 483*s + 279. Let q(d) = 107*d + 70. Let v(l) = 2*c(l) - 9*q(l). Give v(10).
-42
Let f(x) = 5*x - 30. Let z = -6251 - -6256. Calculate f(z).
-5
Let y = -18374 + 18373. Let f(k) = 4*k - 7. What is f(y)?
-11
Let o = -483 - -496. Suppose 31*c = o*c - 36. Let i(n) = 6*n + 9. Determine i(c).
-3
Suppose 3*i = i + 5*b - 15, 4*i - 5*b = -15. Suppose i = z + z. Let v(x) be the third derivative of x**4/24 + x**3/3 - 711*x**2. What is v(z)?
2
Suppose -9*o + o + 40 = 0. Let r(n) be the second derivative of -3*n**2 + 18*n + 1/12*n**4 - 5/6*n**3 + 0. Determine r(o).
-6
Let t(j) = 63*j - 122. Let c(w) = 104*w - 3222. Let q be c(31). Calculate t(q).
4
Let t(i) = -i**3 - 4*i**2 + 13*i + 5. Suppose 27*w - 23*w = 3*o - 33, -6*w = 3*o + 27. What is t(w)?
-1
Let h(u) = 3519 - 3531 - 4*u + 30*u - 14*u. What is h(0)?
-12
Let w(d) = -d + 6. Suppose p = -8 + 12. Let i be w(p). Let l(t) = -3 + 4 + i*t - t**2 + 3 - t. Give l(4).
-8
Let y(s) = 0*s**2 + s - 5*s**2 + 46*s**3 - 47*s**3 + 20 + 3*s. Determine y(-5).
0
Let r(c) = 3*c**3 + 3*c**2 + 5*c + 4. Let t = -11149 - -11147. Calculate r(t).
-18
Suppose 0 = 4*v - 42 - 6. Let y(h) be the first derivative of h**3/3 - 13*h**2/2 - 2*h + 674. Calculate y(v).
-14
Let h(o) = 9*o**2 + 2*o - 6. Let n be (4/(-12))/(318/(-54) + 6). Determine h(n).
69
Let q(a) = -546 - a**2 + 268 - 7*a + 258. Give q(-10).
-50
Let g(h) = -120*h + 2767. Let p be g(23). Let x(v) = -v**3 + 7*v**2 + 8*v - 42. Give x(p).
14
Let d(j) = 2*j**2 + 9*j - 6. Let k be 1/(7/12)*(-63)/18. Let i be 1*4*k/(-40)*-10. Give d(i).
12
Let j(a) = -a**2 - a + 5. Let s be j(0). Let m(g) = 9*g - 37. Let t(i) = 3*i - 12. Let o(l) = 2*m(l) - 7*t(l). Determine o(s).
-5
Let n(s) = s**3 - 13*s**2 + 2*s + 4. Let x be n(13). Suppose u = -a, -6*a = -a - u - x. Let j(w) = 2*w**3 - w**2 + 3 + a*w**2 + 0*w**2 - 2. Determine j(-3).
-17
Let q(n) be the first derivative of -n**2/2 + 1. Let r(j) = -2*j + 2. Let o be r(3). Let k(h) = h. Let p(g) = o*k(g) - 3*q(g). Give p(0).
0
Let o = 143 - 114. Suppose -o*n = -22*n. Let u(d) = -d**2 - 2*d + 3. Give u(n).
3
Let h(t) = -t**3 + 7*t**2 - t + 15. Let z be h(7). Let f be -6 - (-2 - (-12)/z)*2. Let v be -9 + -1 - (-3 - (f - -2)). Let m(k) = k. Determine m(v).
-10
Suppose 8 - 25 = -l - a, -49 = -2*l + a. Let r(o) = o**2 - 28*o + 131. Let f be r(l). Let d(w) = 49*w**2 + w + 1. Determine d(f).
49
Suppose 0 = 2*d - 3*d + 4, 5*u - 1125 = 5*d. Let g(b) = 2 - 230*b + 2 - b**2 + u*b - 3. Give g(-1).
1
Let n(f) = -2*f**2 - f + 2. Let a(s) = -3*s**3 + 20*s**2 - 12*s - 3. Let x be 128/22 + -6*(-7)/231. Let b be a(x). What is n(b)?
-13
Let g(l) = 2*l - 3. Suppose -5*p + 6 = 6. Suppose p = -3*r - 5*f - 152, -5*r + 4*f - 115 = 163. Let c = r + 60. Determine g(c).
9
Let v(h) = -h**3 - 4*h**2 - 6. Let b(y) = -9*y**2 - 157 - y**3 - 9*y - 13*y - 3*y - 2*y. Let r be b(-8). Determine v(r).
19
Let p(l) be the first derivative of l**4/4 + 4*l**3 + 11*l**2/2 + 3*l - 289. Give p(-10).
93
Let x(q) = -q. Suppose 4*y = y - 6*y. Let i(r) = -1 - r - 4*r - 5*r + y*r. Let j(s) = -i(s) + 6*x(s). What is j(-1)?
-3
Let n be (28/63)/((-16)/216). Let i(l) = 9*l - 5. What is i(n)?
-59
Let i(n) be the third derivative of 0*n + 19*n**2 + 1/24*n**4 - 1/6*n**3 + 0. Let l(d) = d - 3. Let x(q) = 4*i(q) - l(q). Give x(4).
11
Let n(y) = -20*y**2 - 24*y - 263. Let h(i) = 3*i**2 + 4*i + 43. Let f(r) = -13*h(r) - 2*n(r). Determine f(7).
-12
Suppose 27 = -6*f + 15*f. Suppose -f = 10*i - 13*i. Let b(c) = c - 4 + 4 - i - 6. Calculate b(8).
1
Suppose 0 = 547*p - 544*p - 15. Let s(y) = -5*y + 2*y + 2 - 7. Determine s(p).
-20
Let s(u) = -u - 2. Let a be s(-5). Let z(x) be the third derivative of 0 - 2/3*x**3 - 145*x**2 - 2*x - 1/15*x**5 + 1/120*x**6 + 1/8*x**4. Determine z(a).
-4
Let w be 18*4/12 + -8 + -1. Let q(c) = -2*c + 14. Determine q(w).
20
Let x(h) = 16*h + 53. Let i be x(9). Let b = i - 188. Let s(p) = 2*p - 12. What is s(b)?
6
Let i(d) = -6219*d - 6218*d - d**3 + 6*d**2 - 12 + 12434*d. What is i(3)?
6
Let i(t) = -4*t - 19. Let x be i(-6). Suppose -x = -5*w - 0. Let m(n) be the first derivative of 3*n**2 + 2. Determine m(w).
6
Let l = 1675 + -1684. Let f(x) = x**2 + 12*x + 21. Give f(l).
-6
Let r(v) = -v**3 + 5*v**2 + 18*v - 82. Let k be ((-9)/12)/((-537)/3580). Give r(k).
8
Let c(q) be the second derivative of 71*q**3/6 + 3*q**2 + 3797*q. Give c(2).
148
Let y(u) be the first derivative of u**3 + u**2/2 - 29*u + 1053. Give y(0).
-29
Let m = 6514 + -6512. Let o(r) = -12*r**2 - r - 3. Give o(m).
-53
Let y be 12/8*(-16)/6. Let s(j) be the third derivative of j**5/60 + j**4/8 - 5*j**3/6 - 15*j**2 - 2. Calculate s(y).
-1
Let q(m) = 9*m + 3. Let i(y) = y. Let s(p) = 15*i(p) - q(p). Let o be s(4). Let w(b) = -28*b + 47*b - o*b + 1 - b**3 + 4*b**2. Calculate w(3).
4
Let g(l) = 17*l + 33. Let n(s) = 66 + 5*s + 73 - 8*s - 147. Let z(h) = 2*g(h) + 9*n(h). Give z(4).
22
Let i(z) = 9*z**2 - 12*z + 23. Let w be i(4). Let o = w + -117. Suppose 13 = o*v + 9. Let c(a) = 2*a + 1. Give c(v).
5
Suppose -4*u + i = -10, 58*i - 36 = -3*u + 54*i. Let j(h) = 8*h - 17. Determine j(u).
15
Suppose 5*i + 9 + 1 = 0. Let q = 472 + -470. Let x(t) = -t**3 - 5*t**2 + 195 - 104 - 90 - q*t. Determine x(i).
-7
Let v(p) = -5*p - 9. Let x = 4292 + -4299. Calculate v(x).
26
Let n(q) = q**3 + 7*q**2 - 16*q - 7. Let i = -20455 + 20446. What is n(i)?
-25
Let c be (1 - 9) + (316 - 313). Let m(u) = 17*u. Calculate m(c).
-85
Let z(q) = 27*q + 3. Let k(a) = -26*a - 4. Let t be -4*(-4)/(-48) - (-35)/15. Let j(o) = t*k(o) + 3*z(o). Determine j(1).
30
Let n(y) = -y + 3. Let m(c) = c + 4. Let z be m(0). Suppose 0 = -3*u - 3*w, -6*u + z*w = -8*u - 2. Determine n(u).
2
Let y(g) be the second derivative of 7*g**3/3 - g**2 + 2704*g. Determine y(5).
68
Suppose -1 = 2*t - 9. Suppose 24 = 9*b - 57. Suppose t*x - b - 19 = 0. Let i(q) = -q + 14. Determine i(x).
7
Let h(y) = y**2 + 2*y**2 + 15 - 24*y**2 - 16. What is h(1)?
-22
Let z(p) = -54*p + 462. Let a(s) = 21*s - 183. Let m(y) = 13*a(y) + 5*z(y). Give m(21).
-6
Let y(n) be the first derivative of n**3/3 - 3*n**2/2 - 79*n - 1404. Give y(10).
-9
Let w(x) = -x**2 + 6*x - 5. Suppose -2*m - 4*g - 11 = g, 3*g = m - 11. Suppose -3*l + 3 = -2*l + q, m*l = -4*q + 4. Give w(l).
3
Let q(x) = 10*x**2 - 2*x + 1. Let k be 1 + 6/(-21) + -1 + 540/420. Calculate q(k).
9
Let y(x) = 12*x**2 + 18*x**2 - 31*x**2 - 2 - 2*x. Suppose 4*z = -4*u - 48, 8 = 4*z - 45*u + 41*u. What is y(z)?
-1